 5) to base 4
22
What is a9 (base 16) in base 11?
144
What is 7 (base 11) in base 9?
7
What is 27 (base 10) in base 16?
1b
0 (base 8) to base 15
0
-101 (base 7) to base 15
-35
4 (base 7) to base 10
4
-4 (base 7) to base 11
-4
3 (base 16) to base 7
3
1001 (base 3) to base 10
28
b (base 15) to base 6
15
What is -3 (base 7) in base 3?
-10
Convert 97 (base 14) to base 3.
11221
45 (base 7) to base 9
36
What is -5 (base 11) in base 9?
-5
Convert -4 (base 15) to base 16.
-4
What is 0 (base 14) in base 12?
0
Convert 8 (base 11) to base 6.
12
Convert 45 (base 9) to base 5.
131
Convert 12 (base 8) to base 4.
22
0 (base 4) to base 16
0
Convert -132 (base 9) to base 3.
-11002
What is -4 (base 8) in base 15?
-4
What is -1011 (base 3) in base 11?
-29
Convert 311 (base 5) to base 4.
1101
Convert -3 (base 13) to base 3.
-10
Convert -1 (base 6) to base 5.
-1
What is 24 (base 10) in base 16?
18
-5 (base 7) to base 8
-5
Convert 7 (base 16) to base 12.
7
What is -7 (base 11) in base 4?
-13
Convert 8 (base 12) to base 5.
13
Convert cb (base 13) to base 7.
326
-1e (base 16) to base 12
-26
What is -1b (base 12) in base 6?
-35
What is 66 (base 14) in base 13?
6c
What is -a (base 16) in base 5?
-20
Convert 9 (base 12) to base 4.
21
-10001 (base 4) to base 8
-401
-d (base 15) to base 13
-10
Convert 155 (base 8) to base 5.
414
0 (base 3) to base 15
0
-3 (base 8) to base 2
-11
-10 (base 6) to base 16
-6
10212 (base 4) to base 3
101220
What is -1 (base 3) in base 7?
-1
-11 (base 13) to base 9
-15
What is -346 (base 8) in base 13?
-149
Convert 101101 (base 2) to base 11.
41
What is 111 (base 3) in base 4?
31
62 (base 16) to base 12
82
What is -11 (base 9) in base 14?
-a
What is -9 (base 14) in base 15?
-9
1302 (base 4) to base 16
72
Convert -3 (base 16) to base 2.
-11
-1 (base 9) to base 3
-1
What is 2 (base 5) in base 4?
2
Convert -5 (base 13) to base 12.
-5
What is 81 (base 14) in base 8?
161
Convert 3 (base 12) to base 9.
3
Convert 10 (base 2) to base 4.
2
What is -23 (base 4) in base 13?
-b
2e (base 15) to base 3
1122
0 (base 9) to base 12
0
Convert 6 (base 10) to base 4.
12
Convert -fe (base 16) to base 11.
-211
100 (base 7) to base 6
121
233 (base 7) to base 4
1322
-54 (base 15) to base 5
-304
What is 40 (base 8) in base 2?
100000
What is 4 (base 5) in base 11?
4
What is 0 (base 5) in base 6?
0
Convert 26 (base 10) to base 15.
1b
What is -4 (base 8) in base 2?
-100
What is -15 (base 16) in base 13?
-18
Convert 1 (base 15) to base 13.
1
What is 26 (base 14) in base 8?
42
5 (base 13) to base 9
5
What is 1 (base 5) in base 6?
1
-53 (base 9) to base 4
-300
-12 (base 9) to base 2
-1011
Convert -2 (base 7) to base 13.
-2
What is 1 (base 2) in base 14?
1
62 (base 13) to base 4
1100
Convert -163 (base 10) to base 8.
-243
-43 (base 8) to base 12
-2b
5 (base 10) to base 4
11
What is -20 (base 7) in base 5?
-24
Convert -235 (base 11) to base 13.
-187
6 (base 7) to base 4
12
What is -3 (base 8) in base 3?
-10
22 (base 8) to base 2
10010
-3d (base 15) to base 16
-3a
Convert -62 (base 8) to base 6.
-122
What is -24 (base 10) in base 9?
-26
10 (base 16) to base 7
22
Convert 10 (base 14) to base 6.
22
What is 133 (base 5) in base 16?
2b
Convert -4 (base 7) to base 11.
-4
What is -42 (base 9) in base 12?
-32
What is -5 (base 9) in base 15?
-5
What is -24 (base 5) in base 3?
-112
Convert -3 (base 12) to base 15.
-3
What is -1100 (base 3) in base 6?
-100
Convert -1 (base 9) to base 2.
-1
What is 2 (base 7) in base 11?
2
What is 0 (base 7) in base 12?
0
Convert 4 (base 10) to base 9.
4
What is -442 (base 6) in base 13?
-101
What is -100 (base 4) in base 2?
-10000
Convert 2e (base 16) to base 5.
141
What is -62 (base 12) in base 14?
-54
What is -31 (base 7) in base 5?
-42
0 (base 14) to base 13
0
2 (base 13) to base 8
2
Convert 3 (base 11) to base 3.
10
Convert -1100 (base 2) to base 14.
-c
2 (base 8) to base 5
2
Convert -2 (base 9) to base 5.
-2
Convert -2 (base 12) to base 13.
-2
What is -3 (base 6) in base 8?
-3
What is 0 (base 12) in base 13?
0
Convert -21 (base 13) to base 4.
-123
What is -4 (base 15) in base 13?
-4
-19 (base 15) to base 12
-20
What is -1355 (base 6) in base 8?
-547
-19 (base 12) to base 2
-10101
What is e (base 15) in base 3?
112
What is -121 (base 3) in base 14?
-12
212 (base 4) to base 2
100110
-1000 (base 2) to base 10
-8
Convert -1010000 (base 2) to base 15.
-55
-10001000 (base 2) to base 7
-253
Convert -11 (base 11) to base 16.
-c
Convert 6 (base 16) to base 5.
11
-10 (base 2) to base 4
-2
Convert -167 (base 8) to base 16.
-77
Convert 2 (base 3) to base 11.
2
What is a3 (base 12) in base 5?
443
-81 (base 16) to base 7
-243
14 (base 5) to base 9
10
Convert 272 (base 8) to base 9.
226
Convert 258 (base 13) to base 10.
411
5 (base 7) to base 2
101
Convert 1 (base 4) to base 9.
1
Convert 10 (base 4) to base 11.
4
11 (base 2) to base 6
3
-330 (base 5) to base 9
-110
6 (base 9) to base 14
6
What is 10 (base 13) in base 12?
11
Convert -3 (base 13) to base 5.
-3
Convert 10011100 (base 2) to base 8.
234
What is -12 (base 8) in base 7?
-13
What is -4 (base 8) in base 9?
-4
f (base 16) to base 5
30
4 (base 6) to base 14
4
Convert 1 (base 6) to base 7.
1
5 (base 12) to base 16
5
10 (base 4) to base 12
4
Convert -50 (base 9) to base 13.
-36
26 (base 12) to base 2
11110
149 (base 15) to base 9
356
151 (base 6) to base 7
124
What is -5 (base 13) in base 14?
-5
-1 (base 11) to base 15
-1
Convert 205 (base 7) to base 12.
87
What is 8 (base 10) in base 15?
8
Convert 3 (base 8) to base 13.
3
-13 (base 5) to base 9
-8
What is -3 (base 10) in base 6?
-3
0 (base 15) to base 4
0
-91 (base 11) to base 9
-121
Convert -43 (base 9) to base 11.
-36
Convert -15b (base 13) to base 8.
-365
Convert 25 (base 8) to base 12.
19
-14 (base 11) to base 7
-21
Convert 14 (base 15) to base 16.
13
0 (base 5) to base 6
0
Convert 5 (base 10) to base 2.
101
What is 302 (base 4) in base 5?
200
Convert -c (base 14) to base 2.
-1100
-11 (base 4) to base 10
-5
11 (base 2) to base 7
3
What is 3 (base 6) in base 7?
3
What is 1 (base 6) in base 13?
1
-1 (base 14) to base 6
-1
Convert 1 (base 5) to base 14.
1
-100111 (base 3) to base 2
-100000000
Convert -1 (base 3) to base 14.
-1
Convert 1424 (base 5) to base 7.
461
Convert -10 (base 15) to base 11.
-14
Convert 13 (base 7) to base 8.
12
24 (base 7) to base 8
22
What is -20 (base 3) in base 16?
-6
What is 8 (base 12) in base 3?
22
-12d (base 14) to base 3
-22210
0 (base 2) to base 8
0
Convert 111 (base 3) to base 4.
31
1 (base 5) to base 10
1
-140 (base 14) to base 7
-510
What is -78 (base 10) in base 11?
-71
What is -4 (base 9) in base 4?
-10
What is 10 (base 2) in base 9?
2
What is -52 (base 11) in base 12?
-49
Convert -1 (base 6) to base 2.
-1
What is -c (base 16) in base 7?
-15
40 (base 7) to base 2
11100
Convert 123 (base 8) to base 4.
1103
-232 (base 4) to base 3
-1201
What is 21 (base 3) in base 13?
7
Convert -10010 (base 2) to base 5.
-33
What is 0 (base 16) in base 10?
0
-5 (base 14) to base 16
-5
What is -110 (base 2) in base 10?
-6
What is 0 (base 8) in base 16?
0
1000 (base 2) to base 6
12
What is -7 (base 12) in base 9?
-7
What is 7 (base 12) in base 13?
7
Convert -1a (base 12) to base 8.
-26
What is -3 (base 6) in base 9?
-3
-210 (base 3) to base 7
-30
-4 (base 11) to base 8
-4
Convert -e9 (base 16) to base 12.
-175
Convert 10 (base 2) to base 10.
2
32 (base 10) to base 15
22
-33 (base 8) to base 6
-43
-1002 (base 4) to base 11
-60
What is 56 (base 9) in base 12?
43
2121 (base 3) to base 6
154
What is 10100101 (base 2) in base 3?
20010
60 (base 7) to base 12
36
3 (base 6) to base 3
10
Convert 10 (base 12) to base 13.
c
What is 6 (base 13) in base 12?
6
Convert -2 (base 11) to base 16.
-2
What is 10220 (base 3) in base 9?
126
-71 (base 10) to base 3
-2122
-2021 (base 4) to base 11
-115
What is 41 (base 5) in base 11?
1a
Convert 76 (base 11) to base 12.
6b
1 (base 9) to base 13
1
Convert 2 (base 16) to base 12.
2
Convert 0 (base 13) to base 7.
0
22 (base 6) to base 5
24
1 (base 11) to base 10
1
What is -b1 (base 14) in base 4?
-2123
-46 (base 16) to base 13
-55
3 (base 8) to base 16
3
What is -4 (base 15) in base 4?
-10
Convert -20 (base 6) to base 9.
-13
What is 220 (base 7) in base 14?
80
What is 18 (base 16) in base 4?
120
115 (base 7) to bas